f 2984 and 106678?
746
Calculate the highest common divisor of 18260 and 2596.
44
What is the highest common divisor of 2376 and 314226?
594
Calculate the greatest common factor of 2136 and 19402.
178
Calculate the greatest common divisor of 460 and 15339620.
460
Calculate the highest common divisor of 8023 and 1917.
71
Calculate the greatest common factor of 45 and 43635.
15
What is the highest common factor of 42742 and 9632?
602
Calculate the highest common divisor of 69240 and 72.
24
What is the highest common factor of 142 and 109908?
142
What is the highest common divisor of 161418 and 54?
6
Calculate the greatest common factor of 14 and 1222438.
14
What is the greatest common divisor of 3249872 and 32?
16
Calculate the highest common factor of 7436 and 12584.
572
What is the greatest common divisor of 1290286 and 268?
134
What is the greatest common factor of 82908 and 18?
18
Calculate the greatest common divisor of 208615 and 55.
55
Calculate the highest common divisor of 25308 and 108.
36
Calculate the highest common factor of 84 and 12060.
12
What is the greatest common factor of 315 and 88410?
105
Calculate the greatest common divisor of 3 and 5843.
1
What is the highest common factor of 1506566 and 888?
74
What is the highest common divisor of 704403 and 42?
21
Calculate the highest common divisor of 5871 and 171.
57
Calculate the highest common factor of 18201384 and 18.
18
Calculate the greatest common factor of 432 and 69.
3
What is the highest common divisor of 27 and 71109?
9
Calculate the highest common divisor of 100848 and 2013.
33
What is the greatest common divisor of 516 and 35303?
43
Calculate the greatest common factor of 2047 and 3151.
23
What is the greatest common factor of 159 and 486540?
159
Calculate the greatest common divisor of 5535 and 9635.
205
Calculate the highest common divisor of 6672930 and 75.
15
Calculate the greatest common divisor of 27589 and 1504.
47
Calculate the greatest common factor of 84 and 23191.
7
What is the greatest common factor of 3759 and 231?
21
What is the highest common divisor of 1 and 30487?
1
What is the greatest common divisor of 95799 and 33?
33
What is the greatest common factor of 10402 and 742?
14
Calculate the highest common divisor of 28849 and 221.
17
Calculate the highest common factor of 1897 and 1666.
7
Calculate the highest common factor of 15 and 24495585.
15
Calculate the greatest common factor of 3838 and 57974.
202
What is the highest common divisor of 72760 and 1360?
680
What is the highest common divisor of 3258570 and 21?
21
Calculate the highest common divisor of 698020 and 15.
5
What is the greatest common divisor of 2307 and 2560001?
769
What is the greatest common factor of 61377 and 697?
41
Calculate the greatest common factor of 4107 and 251304.
111
What is the greatest common divisor of 283239 and 2673?
99
Calculate the highest common factor of 4232 and 5704.
184
Calculate the greatest common divisor of 5389 and 1003.
17
Calculate the greatest common divisor of 1360 and 38590.
170
Calculate the highest common factor of 30125 and 2651.
241
What is the greatest common divisor of 64933 and 11?
11
Calculate the highest common factor of 27 and 792369.
27
Calculate the greatest common divisor of 564444 and 306.
18
What is the highest common factor of 176852 and 494?
494
What is the greatest common factor of 46 and 4177?
1
Calculate the highest common divisor of 80319 and 41.
41
Calculate the greatest common divisor of 327 and 1458529.
109
What is the greatest common factor of 12 and 84501?
3
What is the highest common divisor of 244189 and 237?
79
What is the highest common divisor of 995196 and 3?
3
Calculate the greatest common divisor of 2016 and 252.
252
What is the highest common divisor of 740458 and 3436?
1718
Calculate the greatest common factor of 708 and 4779.
177
Calculate the greatest common factor of 27398 and 515.
103
Calculate the highest common divisor of 2538 and 222.
6
Calculate the highest common divisor of 17836 and 18676.
28
Calculate the highest common divisor of 2721 and 894.
3
Calculate the greatest common divisor of 1432 and 4960.
8
Calculate the greatest common factor of 5880 and 165.
15
Calculate the highest common factor of 47823 and 3.
3
What is the highest common divisor of 1610792 and 4?
4
What is the highest common factor of 49 and 1799?
7
Calculate the greatest common divisor of 95 and 117610.
95
Calculate the highest common factor of 123618 and 11.
11
Calculate the greatest common divisor of 47 and 14018643.
47
What is the greatest common divisor of 6693 and 1587?
69
What is the highest common divisor of 15852 and 36?
12
Calculate the highest common divisor of 31076 and 29376.
68
Calculate the highest common divisor of 5024 and 13973.
157
What is the highest common divisor of 6180 and 736450?
1030
Calculate the greatest common divisor of 36051 and 3416.
61
Calculate the greatest common factor of 84 and 2532.
12
Calculate the greatest common factor of 1239 and 1158.
3
What is the greatest common divisor of 120 and 1272?
24
Calculate the greatest common divisor of 324 and 6024.
12
What is the greatest common divisor of 188518 and 242?
242
Calculate the highest common factor of 1803491 and 74.
37
Calculate the highest common factor of 7897 and 1325.
53
What is the greatest common factor of 7663 and 582?
97
What is the greatest common divisor of 2877 and 105?
21
What is the highest common divisor of 814 and 1566210?
74
What is the greatest common divisor of 1230410 and 3280?
410
What is the highest common factor of 21760 and 14552?
136
What is the greatest common divisor of 45378 and 1692?
18
What is the greatest common divisor of 126 and 8784?
18
What is the greatest common divisor of 736 and 5336?
184
What is the highest common divisor of 19348 and 350?
14
Calculate the greatest common divisor of 1611 and 777039.
537
Calculate the greatest common divisor of 516 and 94557.
129
What is the highest common factor of 7510683 and 318?
159
Calculate the greatest common factor of 654488 and 2852.
92
Calculate the greatest common divisor of 3809 and 581019.
293
What is the greatest common divisor of 25953 and 22788?
633
What is the highest common divisor of 190517 and 634?
317
What is the greatest common divisor of 102 and 2429538?
102
Calculate the highest common divisor of 47722 and 1784.
446
What is the greatest common factor of 3406 and 24104?
262
What is the highest common divisor of 4 and 2253108?
4
What is the greatest common divisor of 26 and 5863?
13
What is the greatest common divisor of 670 and 6444395?
335
What is the highest common divisor of 255446 and 1516?
758
What is the greatest common divisor of 2742818 and 403?
403
What is the greatest common factor of 628 and 1793411?
157
Calculate the greatest common factor of 378675 and 9.
9
Calculate the greatest common divisor of 53370 and 3330.
90
What is the greatest common factor of 55 and 139964?
11
What is the highest common factor of 32659 and 1243?
11
Calculate the greatest common factor of 40805 and 5.
5
Calculate the greatest common divisor of 1334 and 782.
46
What is the highest common divisor of 439 and 1324024?
439
What is the greatest common divisor of 14433 and 969?
51
What is the highest common divisor of 2424 and 24?
24
Calculate the greatest common factor of 27 and 698490.
27
Calculate the greatest common factor of 225019 and 1763.
43
What is the greatest common divisor of 1846 and 104?
26
Calculate the highest common factor of 8109 and 185553.
477
Calculate the greatest common divisor of 6200 and 29300.
100
What is the highest common divisor of 422364 and 36?
12
Calculate the highest common factor of 175234 and 533.
41
Calculate the greatest common factor of 597310 and 70.
70
What is the highest common factor of 27258 and 1071?
21
Calculate the highest common divisor of 15979 and 36917.
551
What is the highest common factor of 9 and 374643?
9
Calculate the highest common divisor of 149930 and 580.
290
Calculate the highest common divisor of 36206 and 602.
86
Calculate the greatest common factor of 2028 and 297609.
507
What is the highest common divisor of 5320 and 30205?
35
What is the highest common factor of 542640 and 168?
168
Calculate the greatest com